
4
What is the hundreds digit of 6272?
2
What is the hundreds digit of 1185?
1
What is the thousands digit of 8183?
8
What is the units digit of 3120?
0
What is the units digit of 352?
2
What is the tens digit of 1107?
0
What is the hundred thousands digit of 136193?
1
What is the thousands digit of 1982?
1
What is the tens digit of 2370?
7
What is the units digit of 3590?
0
What is the units digit of 4537?
7
What is the units digit of 27746?
6
What is the hundreds digit of 2596?
5
What is the tens digit of 5453?
5
What is the units digit of 1621?
1
What is the tens digit of 181206?
0
What is the units digit of 773?
3
What is the units digit of 838?
8
What is the ten thousands digit of 25794?
2
What is the tens digit of 702?
0
What is the hundreds digit of 11890?
8
What is the tens digit of 9458?
5
What is the units digit of 51125?
5
What is the tens digit of 126762?
6
What is the thousands digit of 12586?
2
What is the hundreds digit of 80535?
5
What is the hundreds digit of 113360?
3
What is the units digit of 700?
0
What is the units digit of 16511?
1
What is the tens digit of 20006?
0
What is the hundreds digit of 49396?
3
What is the tens digit of 51540?
4
What is the tens digit of 1203?
0
What is the hundreds digit of 23136?
1
What is the thousands digit of 52757?
2
What is the hundreds digit of 687?
6
What is the units digit of 5514?
4
What is the ten thousands digit of 32185?
3
What is the hundreds digit of 497?
4
What is the thousands digit of 5198?
5
What is the tens digit of 8629?
2
What is the thousands digit of 8835?
8
What is the hundreds digit of 4865?
8
What is the hundreds digit of 27996?
9
What is the hundreds digit of 72808?
8
What is the hundreds digit of 28495?
4
What is the units digit of 23259?
9
What is the ten thousands digit of 42053?
4
What is the tens digit of 22264?
6
What is the thousands digit of 2228?
2
What is the ten thousands digit of 29918?
2
What is the hundreds digit of 969?
9
What is the hundreds digit of 2363?
3
What is the units digit of 25935?
5
What is the units digit of 16696?
6
What is the tens digit of 6830?
3
What is the hundreds digit of 1709?
7
What is the tens digit of 178?
7
What is the hundreds digit of 48475?
4
What is the thousands digit of 111072?
1
What is the hundreds digit of 686?
6
What is the hundred thousands digit of 132090?
1
What is the tens digit of 938?
3
What is the tens digit of 9632?
3
What is the hundreds digit of 26066?
0
What is the units digit of 1371?
1
What is the units digit of 49625?
5
What is the hundreds digit of 3668?
6
What is the tens digit of 27?
2
What is the units digit of 4606?
6
What is the hundreds digit of 2691?
6
What is the ten thousands digit of 65944?
6
What is the tens digit of 104421?
2
What is the units digit of 47893?
3
What is the tens digit of 633?
3
What is the thousands digit of 15950?
5
What is the thousands digit of 20818?
0
What is the tens digit of 10341?
4
What is the hundreds digit of 1772?
7
What is the hundreds digit of 5612?
6
What is the hundreds digit of 1345?
3
What is the hundreds digit of 4046?
0
What is the thousands digit of 19179?
9
What is the hundreds digit of 382?
3
What is the hundreds digit of 271?
2
What is the tens digit of 878?
7
What is the tens digit of 11275?
7
What is the tens digit of 819?
1
What is the tens digit of 2283?
8
What is the tens digit of 141?
4
What is the tens digit of 50901?
0
What is the ten thousands digit of 17301?
1
What is the units digit of 9800?
0
What is the thousands digit of 8480?
8
What is the hundreds digit of 489?
4
What is the tens digit of 724?
2
What is the units digit of 83767?
7
What is the thousands digit of 1195?
1
What is the thousands digit of 3653?
3
What is the thousands digit of 19374?
9
What is the tens digit of 71600?
0
What is the units digit of 1713?
3
What is the thousands digit of 1035?
1
What is the hundreds digit of 1151?
1
What is the ten thousands digit of 21510?
2
What is the units digit of 1734?
4
What is the hundreds digit of 83913?
9
What is the tens digit of 25?
2
What is the units digit of 46055?
5
What is the tens digit of 3597?
9
What is the ten thousands digit of 11169?
1
What is the hundreds digit of 7092?
0
What is the units digit of 2653?
3
What is the units digit of 7776?
6
What is the hundreds digit of 3622?
6
What is the ten thousands digit of 48295?
4
What is the units digit of 2896?
6
What is the units digit of 5473?
3
What is the tens digit of 2812?
1
What is the thousands digit of 34034?
4
What is the ten thousands digit of 41806?
4
What is the thousands digit of 5560?
5
What is the thousands digit of 1126?
1
What is the units digit of 191?
1
What is the tens digit of 9459?
5
What is the tens digit of 6169?
6
What is the units digit of 1681?
1
What is the units digit of 10105?
5
What is the hundreds digit of 3015?
0
What is the hundreds digit of 643?
6
What is the tens digit of 648?
4
What is the units digit of 13369?
9
What is the tens digit of 52934?
3
What is the tens digit of 6186?
8
What is the units digit of 8763?
3
What is the units digit of 40?
0
What is the units digit of 2502?
2
What is the hundreds digit of 3908?
9
What is the units digit of 43084?
4
What is the thousands digit of 2182?
2
What is the hundreds digit of 395?
3
What is the tens digit of 14457?
5
What is the units digit of 14667?
7
What is the units digit of 299?
9
What is the tens digit of 45927?
2
What is the ten thousands digit of 181609?
8
What is the units digit of 132?
2
What is the hundreds digit of 109?
1
What is the units digit of 1302?
2
What is the tens digit of 16613?
1
What is the thousands digit of 13916?
3
What is the tens digit of 469?
6
What is the units digit of 50274?
4
What is the hundreds digit of 3741?
7
What is the units digit of 2607?
7
What is the tens digit of 47458?
5
What is the units digit of 60960?
0
What is the thousands digit of 14449?
4
What is the hundreds digit of 88293?
2
What is the hundreds digit of 4950?
9
What is the units digit of 2607?
7
What is the hundreds digit of 37045?
0
What is the hundreds digit of 62168?
1
What is the thousands digit of 1796?
1
What is the hundreds digit of 18516?
5
What is the tens digit of 224?
2
What is the ten thousands digit of 64454?
6
What is the thousands digit of 22140?
2
What is the thousands digit of 3057?
3
What is the units digit of 551?
1
What is the thousands digit of 4239?
4
What is the units digit of 90452?
2
What is the units digit of 49561?
1
What is the units digit of 717?
7
What is the units digit of 1535?
5
What is the units digit of 570?
0
What is the units digit of 4364?
4
What is the units digit of 10970?
0
What is the tens digit of 440?
4
What is the hundreds digit of 6425?
4
What is the ten thousands digit of 110086?
1
What is the tens digit of 1245?
4
What is the units digit of 272?
2
What is the hundreds digit of 333?
3
What is the units digit of 16807?
7
What is the ten thousands digit of 145845?
4
What is the thousands digit of 2583?
2
What is the units digit of 3281?
1
What is the tens digit of 71562?
6
What is the hundreds digit of 76902?
9
What is the tens digit of 99?
9
What is the hundreds digit of 1487?
4
What is the hundreds digit of 44879?
8
What is the ten thousands digit of 12214?
1
What is the thousands digit of 18108?
8
What is the thousands digit of 3354?
3
What is the ten thousands digit of 25387?
2
What is the units digit of 29849?
9
What is the thousands digit of 12988?
2
What is the thousands digit of 66894?
6
What is the units digit of 1753?
3
What is the tens digit of 25237?
3
What is the thousands digit of 1480?
1
What is the tens digit of 337?
3
What is the hundred thousands digit of 117831?
1
What is the tens digit of 661?
6
What is the hundreds digit of 28242?
2
What is the tens digit of 34394?
9
What is the tens digit of 107461?
6
What is the tens digit of 5870?
7
What is the hundreds digit of 866?
8
What is the hundreds digit of 281?
2
What is the hundreds digit of 572?
5
What is the tens digit of 124?
2
What is the units digit of 1408?
8
What is the hundreds digit of 22171?
1
What is the units digit of 5388?
8
What is the thousands digit of 2249?
2
What is the hundreds digit of 4185?
1
What is the tens digit of 2273?
7
What is the thousands digit 